u?
6
Let c = 4 + 52. What is the tens digit of c?
5
Let c be (0 + -5)*(5 - 6). Suppose 4*l + c*t = 36, l + l = t + 4. Suppose -l*m = -5*y - 14, -5*m + 34 = -y + 6. What is the units digit of m?
6
Suppose 14*j = 21*j - 539. What is the tens digit of j?
7
Let t be 2 + (2 - 6) + 21. Let m = 11 - t. What is the tens digit of (-76)/(-6) - m/(-12)?
1
Let f = -18 - -26. What is the units digit of ((-195)/(-26))/(3/f)?
0
Let p = 16 - 10. Let y = p - 4. What is the units digit of y?
2
Suppose -t + 32 = 8. What is the units digit of t?
4
Suppose 3*v = q + 35, -3*v = -3*q + 6*q - 27. Let y = v - 4. What is the units digit of y?
7
Suppose 5*p - 255 = -60. Suppose 5*i - 4*w = 33, -4*i - i + p = -2*w. What is the units digit of i?
9
Let c(q) be the second derivative of 3*q**4/4 - q**3/6 + q**2/2 + 3*q. What is the units digit of c(1)?
9
Let w = -3 - -5. Suppose -3*d + 30 = -90. Suppose 3*q - w*o = -4*o + d, 0 = -3*o + 15. What is the units digit of q?
0
Suppose -6 = -2*p + p. What is the units digit of p?
6
What is the units digit of -4 + (-11)/((-11)/30)?
6
Suppose 0 = -5*v + 60 + 145. What is the tens digit of v?
4
Suppose -2*h + 1299 = 3*a, -8*h = -5*a - 7*h + 2152. What is the tens digit of a?
3
Let k(n) = -n**3 + 10*n**2 - 10*n + 10. Let q be k(9). What is the units digit of 26 - (q - (1 - 0))?
6
Suppose 16 = -5*i + k - 19, -5*k = -2*i - 37. Let o(n) = -n**2 - 5*n + 8. What is the units digit of o(i)?
2
Suppose -i + 0*i + 84 = 0. What is the units digit of i?
4
Let u be -2*(-3)/(-6)*0. Let x = u - 3. What is the units digit of x/(-2)*24/4?
9
Suppose 2 = -m - 1. What is the units digit of (m - -2)/((-1)/16)?
6
Let o = 17 + -27. Let u = o + 20. What is the units digit of (36/u)/(4/10)?
9
Suppose 2*d - 5*i - 42 = 1, 83 = 2*d + 3*i. Suppose 3*m = n + 35, 2*m - 12 = -m. Let x = d + n. What is the units digit of x?
1
Let f be 6/(-9) + (-2)/6. Let b be f - (-2 - -59)/3. Let s = 28 + b. What is the units digit of s?
8
Suppose -5*q + c = 2*c - 10, -5*c + 25 = 0. What is the units digit of q?
1
Let v(k) = -7*k - 15. Let h be (-54)/10 + (-30)/50. What is the units digit of v(h)?
7
Let s = 127 + -59. What is the tens digit of s?
6
Let w(c) = c**3 - 15*c**2 + 2*c - 11. Let o(f) = f**3 - 14*f**2 + 2*f - 11. Let m(s) = 6*o(s) - 5*w(s). What is the units digit of m(9)?
7
Suppose -3*p + 4*g + 21 = -4, -5*p + 3 = 3*g. Suppose p*c = -0*c + 3, -5*j + 50 = -5*c. What is the tens digit of j?
1
Let t be ((-2)/8)/(2/(-8)). What is the units digit of 3 + (1 - t) - 1?
2
Let w(i) = -i**3 - 3*i**2 - 2*i. Let g be w(-2). What is the tens digit of -1 + 4 + g + 20?
2
Let n be (39/6)/((-2)/(-4)). Let i = 26 - n. Let g = i + -9. What is the units digit of g?
4
Let v be 2 + -1 + (-27)/(-3). Suppose 3*w - 1 = -v. What is the units digit of (-6)/(-3) - w - 3?
2
Suppose 0*k - 12 = 2*k. Let z be 2/(-6) + k/9. Let r = 2 - z. What is the units digit of r?
3
Suppose -10 = -4*u - g, -3*u = -0*u - g - 11. What is the units digit of u?
3
Suppose -2*b = -4*w + 102, b = w + 2*w - 75. What is the units digit of w?
4
Let t(s) = 2*s - 24. Let b be t(14). Let f(a) = a**3 + 4*a**2 - 6*a - 2. Let j be f(-6). What is the tens digit of 2/4 - j/b?
1
Let y(l) = l**2 - 4*l - 7. Let c be y(6). Let k = -3 + c. Suppose -k*a + 9 + 11 = 0. What is the units digit of a?
0
Let i be ((1 - 3) + -2)*2. Let f be (i/6)/((-10)/15). Let u = 1 + f. What is the units digit of u?
3
Let h(m) = 3*m**3 - 2*m**2 - m - 2. Let g = -2 + 4. What is the tens digit of h(g)?
1
Let h = -155 + 201. What is the units digit of h?
6
Let c(a) = 7*a**2 + 4*a + 3. What is the tens digit of c(-4)?
9
Suppose -l + 2 = w, 3*l + 5*w - 10 = 2*l. Suppose j = 0, 2*m - 6*m + 3*j + 16 = l. What is the units digit of m?
4
Let o = 24 - 24. Suppose o = -2*f - f + 141. What is the units digit of f?
7
Suppose 0 = 5*s - 25, -2*d - 2 + 85 = 5*s. What is the units digit of d?
9
Let y(b) = b**2 - 9*b - 5. Let m(l) = 2*l**2 - 17*l - 9. Let i = -3 + 7. Let p(f) = i*m(f) - 7*y(f). What is the units digit of p(6)?
5
Suppose -2*j + a = -1, -5*a - 8 = -j - 30. Suppose 78 = 3*b - j. What is the tens digit of b?
2
Let h = 28 - 12. What is the units digit of h?
6
Suppose 3*u - 6 = 0, 5*y + 5*u - 361 = 384. What is the tens digit of y?
4
Let b be (-3)/(-4) + (-2)/(-8). Suppose -1 = -2*y + b, -4*r = -y - 163. Let l = -29 + r. What is the units digit of l?
2
Let d(y) = y**2 - 5*y + 1. What is the units digit of d(7)?
5
Suppose 5*z - 497 - 218 = 0. What is the hundreds digit of z?
1
Let v(a) = a**2 - 5*a + 4. Let z be v(4). Suppose 2*l = -4*c + 10, -4*l + 5*c + 3 + 4 = z. Suppose -w = l, 6 = 4*x - w - 9. What is the units digit of x?
3
Suppose 2*m + 3*m = -90. Let s(o) = -11*o**3 - 1. Let d be s(1). Let n = d - m. What is the units digit of n?
6
Suppose 3*j = -2*w + 46, 3*j + 5*w = -j + 59. What is the units digit of 4/16 + 124/j?
8
Suppose -3*w - 8 = 1, c - 5*w = 71. What is the units digit of c?
6
Suppose -3*l + 15 = 0, 0*l = -3*z + 3*l + 72. What is the units digit of z?
9
Suppose 7*c - 2*c - 200 = -j, 0 = 5*c - 3*j - 180. What is the units digit of c/3*1*1?
3
Suppose 66 = -5*q + 21. Suppose 0 = -y + 4*y + 12. Let r = y - q. What is the units digit of r?
5
Let k(b) = b**2 + 3*b + 2. What is the tens digit of k(3)?
2
Suppose 2*g + 7 = 5*q - 7, -2*g + 26 = 5*q. Suppose 15 = g*w - 5*t, 4*w - 42 = -3*t + 7. What is the tens digit of w?
1
Suppose -7*d = -10*d + 81. What is the tens digit of d?
2
Suppose 0 = t - 2*t - 12. What is the units digit of (8/t)/((-2)/36)?
2
Let p be -10 + 0*(-4)/12. Suppose -5*z = -4 - 1, 5*q = 3*z - 103. Let b = p - q. What is the tens digit of b?
1
Let w(f) = -f - 8. Let o be w(-3). Let y(s) = s**3 + 7*s**2 + 6*s - 7. What is the tens digit of y(o)?
1
Let u(s) = 3*s. Let t(o) = -2*o. Suppose -2*m = -6*m - 2*g - 30, 0 = m - 5*g - 20. Let k(z) = m*u(z) - 8*t(z). What is the units digit of k(5)?
5
Suppose 2*w - 6 = 4. Suppose -2*o = -4*z - 3*o - 4, 3*z + 4*o = -16. Suppose z = h - w*h + 4. What is the units digit of h?
1
Suppose -2*d + 5 = -0*b + b, 3*d - 4 = -b. Suppose 215 - 12 = 4*m - 3*a, 0 = 3*m + 2*a - 148. Suppose -2*u + b*u = m. What is the units digit of u?
0
Let l(y) = y**3 + 6*y**2 + 6*y + 7. Let b be l(-5). Suppose o + b = 6. What is the units digit of (o/7)/((-12)/(-42))?
2
Let f = 2 - 2. Let i = -5 + 9. Suppose x + i*x - 20 = f. What is the units digit of x?
4
Suppose -2*z = z. Let f = z + 3. Let q(p) = -p**3 + 5*p**2 - 3*p. What is the units digit of q(f)?
9
Suppose z - 4*z = -t + 1, -t + 1 = -5*z. Suppose z = -3*i + 20 + 22. What is the tens digit of i?
1
Let p = 15 - 27. Suppose -2*r + 4*r - 40 = 0. Let x = r + p. What is the units digit of x?
8
Let o(v) = -3*v**2 + v**3 + 2*v**3 + 0*v**2 - v**3 + 2. Let r be ((-2)/3)/(1/(-3)). What is the units digit of o(r)?
6
Suppose 6*g - 5*n = 4*g + 20, 4*n + 33 = 5*g. What is the units digit of g?
5
Let t = -247 + 453. What is the tens digit of t?
0
Suppose 0 = 2*s - 5*v - 3, 10*s = 5*s + v + 19. Let j be s - 0 - (-2 - -4). Suppose p = j*p - 2. What is the units digit of p?
2
Let n = 56 - -9. What is the units digit of n?
5
Let a(p) = p + 4. Let l be a(-2). What is the units digit of 116/10 - l/(-5)?
2
Suppose 2*l + 0*l - 151 = -5*x, 3*x = 4*l - 263. What is the units digit of l?
8
Let y be -332*((-4)/16 + 0). Suppose 4*n + 2*v - y = 41, 5*v + 9 = n. What is the units digit of n?
9
Suppose b + 2*b = 39. What is the tens digit of b?
1
Let b(c) = -c**3 - 4*c**2 + 4*c + 7. Let a(v) = -v**3 - 17*v**2 - 16*v - 5. Let f be a(-16). What is the units digit of b(f)?
2
Suppose -2*a + 42 = 2*n, 65 = 2*n + 4*a + 19. What is the units digit of n?
9
Suppose b - 3 = 1. What is the units digit of (-15)/(-12)*1*b?
5
Suppose 39 = 7*w - 4*w. Suppose -q + 19 = -w. What is the tens digit of q?
3
Let l = 262 - 138. What is the tens digit of l?
2
Suppose -127 = -2*c + g - 40, 75 = 2*c + 3*g. What is the units digit of c?
2
Let b = 10 + -7. Let n(m) = -3*m**3 + 4*m**b + 2*m - 4*m**2 + 18 - 16. What is the units digit of n(4)?
0
Let f be ((-2)/3)/((-6)/(-27)). Let j be (f*2)/(12/40). Let k = j - -30. What is the tens digit of k?
1
Let c(o) = o**3 + 4*o**2 - 6*o - 1. Let p be c(-6). Let x = p - -68. What is the units digit of x?
1
Suppose 3*q + 2*q + 4*a + 47 = 0, 2 = -2*q + 4*a. Let p(y) = -y + 1. What is the units 